 4 + k - t + 8*t. List the prime factors of q(2).
13
Let j = -34 - -48. What are the prime factors of 516/j + (-9)/(-63)?
37
Suppose 5*i = 8*i + 15. Let o = 4 - i. Let m = 15 - o. What are the prime factors of m?
2, 3
Suppose -9*p - 8 = -26. Let y(n) = 9*n**2 + 1. Let o be y(1). Suppose -i + o = p. List the prime factors of i.
2
Suppose -10 = 11*g - 16*g. Suppose -g*y = -5*i - 531, -y = -5*i + 50 - 313. List the prime factors of y.
2, 67
Let x be (-3)/3 - (-1 + 2 + -4). Suppose -3*m + 5*r - 8 = 0, -6*r = -x*m - 11*r + 28. List the prime factors of m.
2
Let o = -536 + 543. List the prime factors of o.
7
Suppose -2*g - 130 = -4*g. Let r = -29 + g. List the prime factors of (-1)/(6/(-4))*r.
2, 3
Let g(d) = -321*d - 223. List the prime factors of g(-8).
5, 7, 67
Let d(t) = 11*t - 33. Suppose -3*v = -6*v + 42. Let o be d(v). Suppose -o = -2*m + 3*w - 6*w, -282 = -4*m + 2*w. What are the prime factors of m?
2, 17
Let h(o) = o**2 - 7*o + 7. Let l be h(5). Let w be 96/(-9)*3*l. List the prime factors of ((-2)/2)/((-6)/w).
2
Suppose k = 6*k - 775. Suppose 174 = 2*h - 4*a, 5*h + a = 247 + k. List the prime factors of h.
3
Suppose -5*l - 3*i = -19, l + 0*i = -4*i + 14. Let y = 18 - 9. List the prime factors of l*((-1692)/(-8))/y.
47
Let r(w) = -w - 1. Let t(s) = 368*s - 5. Let d(i) = 3*r(i) - t(i). Let h be d(2). List the prime factors of (-1)/3 + h/(-15).
7
Let q = 33 + -29. What are the prime factors of 1*124/4 - q?
3
Suppose 22 = x + 7. Let v be 10/(-4) + (-12)/(-8). Let h = x - v. What are the prime factors of h?
2
Suppose 57086 = 32*r + 2*r. What are the prime factors of r?
23, 73
Let c(w) = 5*w - 4*w - 2*w - 5. Let p be c(-10). Suppose -p*f + 2*s + 115 = 0, -f + 3*s + 36 = -0*s. What are the prime factors of f?
3, 7
Suppose 3 = -w - 0, -267 = 3*i - 3*w. Let k = -13 - i. What are the prime factors of k?
79
Suppose -z = -j - 5, -j - 9 = -0*z + z. Let n = j + 1. Let x = 8 + n. List the prime factors of x.
2
Suppose -7983 + 1347 = -12*w. What are the prime factors of w?
7, 79
Let m be 8/(-14) - (-957)/21. Let s = 2 + m. What are the prime factors of s?
47
Suppose -13*m + 16632 = 3307. List the prime factors of m.
5, 41
Suppose -2*s = z + 2*z - 33, 5*s - 45 = 5*z. What are the prime factors of ((-44)/s)/((-1)/18)?
2, 3, 11
Suppose 7*o + 8*o - 16995 = 0. List the prime factors of o.
11, 103
What are the prime factors of 1/(-4) + ((-18585)/(-12))/3?
2, 3, 43
List the prime factors of 1/(-6) + 10085/30.
2, 3, 7
Suppose r + 3*r = 20, -4*r = -3*o + 673. List the prime factors of o.
3, 7, 11
Suppose 0*j + 16422 = 14*j. What are the prime factors of j?
3, 17, 23
List the prime factors of (7 + 445/20)/(2/72).
3, 13
Suppose -4*h - 222 = -6*h. Suppose 114 = 5*b - h. Let x = b + -3. List the prime factors of x.
2, 3, 7
Let k = 2954 - 1819. What are the prime factors of k?
5, 227
Suppose 9*d = -6*d + 240. What are the prime factors of (2 + -1)/(d/1248)?
2, 3, 13
Let f be 4/8 + (-3)/(-2). Let k(m) = -3*m + 0 + 37 + f*m + 0*m. List the prime factors of k(0).
37
Let p be 9/(-1) + (1 - -1). Let a be p/(28/(-32)) - -3. Let l = a - 7. What are the prime factors of l?
2
Suppose -6 = 3*z - 0*z, 441 = c + 4*z. What are the prime factors of c?
449
Let l(t) = -37*t - 392. What are the prime factors of l(-35)?
3, 7, 43
Let u = 182 - 142. What are the prime factors of u?
2, 5
Let j = 266 + 228. What are the prime factors of j?
2, 13, 19
Let p = 49 + -85. List the prime factors of ((-45)/27)/(2/p).
2, 3, 5
Let g be (-2)/(-2*4/1576). Suppose -3*u + 3*q + 402 = 0, 5*q = 3*u - 0*q - g. List the prime factors of u.
2, 3, 23
Suppose 7*g = 5*y + 11*g - 4049, y + 3*g - 801 = 0. List the prime factors of y.
3, 271
Suppose 0 = -128*p + 118*p + 11640. What are the prime factors of p?
2, 3, 97
Suppose 0 = -6*t - 2*t + 176. Suppose 0 = t*u - 20*u - 294. List the prime factors of u.
3, 7
Let f = 10 - -2. Let d(r) = -r**3 + 12*r**2 + 6*r + 16. Let v be d(f). Suppose -4*a = 2*b - v, b + 2*b = a + 139. What are the prime factors of b?
2, 23
What are the prime factors of 23 - ((-24)/(-6) + -3)?
2, 11
Let m(c) = 8*c - 1. Let k be m(-1). Let d be (12/k)/(2/6). List the prime factors of (d/6)/((-2)/141).
47
Suppose -4*r - 52 + 16 = 0. Let u be (-10 - 1/1)*-2. Let k = u + r. What are the prime factors of k?
13
Let d(z) = -z**3 - 3*z**2 - z - 2. Let t be d(-4). Suppose 2*o - 2 = -t. Let v(k) = k**3 + 9*k**2 - 2*k - 15. List the prime factors of v(o).
5, 13
Suppose 3*s = 2*q + 12, -5*s + 17 + 13 = -5*q. What are the prime factors of (-69 - -2)/(-2 + (-9)/q)?
2, 67
Let z be (-4)/3 + (-34)/(-3). Suppose -2*j = 3*h + z, -2*h + 3*j + 15 = -5*h. Suppose -5*c + h*c + 270 = 0. What are the prime factors of c?
2, 3
Let i(w) = -w**3 + 11*w**2 - 9*w - 8. Suppose 2*o + 23 = -x + 4*x, 17 = 3*x + 4*o. List the prime factors of i(x).
5
Let o be (1 + 99)/(((-2)/4)/1). Let d = o + 326. List the prime factors of d.
2, 3, 7
Suppose 11860 = 53*r - 43*r. List the prime factors of r.
2, 593
Let q(o) = -2*o**2 - 67*o - 9. List the prime factors of q(-18).
3, 61
Let z be (-6)/(-4)*(9 - 3)*2. Suppose 3*t = -2*t - 2*m + 105, -t - m = -z. List the prime factors of t.
23
Let o = 13 + -8. Let i(l) = -6*l**3 - 4*l**2 - 2*l + 4. Let c(p) = -5*p**3 - 4*p**2 - p + 3. Let j(b) = 7*c(b) - 6*i(b). List the prime factors of j(o).
47
Suppose 4*x = 4*v - 7 + 39, -5*v - 16 = x. List the prime factors of 28 + x - (-1 - (-2 - -2)).
3, 11
Let x(c) = c**3 + 1. Let w(t) = -6*t - 3. Let n(q) = -w(q) - x(q). List the prime factors of n(-5).
97
Suppose 6*x - 5*s - 2531 = 3*x, -2*s - 3384 = -4*x. What are the prime factors of x?
7, 11
Let q(m) = 209*m**2 - 21*m + 46. What are the prime factors of q(3)?
2, 233
Suppose -2844 = -7*i + 1783. List the prime factors of i.
661
List the prime factors of -93*(-2 + 24/36).
2, 31
Let u be (-18)/4*8/3. Let r = -10 - u. Suppose -r*y + 5*y - 42 = 0. List the prime factors of y.
2, 7
List the prime factors of -9 + (-1 - -1748 - -8).
2, 3, 97
Suppose 0 = 5*c - 2*l - 11 - 61, 5*l - 4 = c. What are the prime factors of ((-8)/c)/((-1)/48)?
2, 3
Suppose 5*n = -4*c + 5619 + 3116, 0 = n + 5*c - 1726. What are the prime factors of n?
17, 103
Let m(y) be the second derivative of 35*y**4/6 + y**2/2 - 7*y. List the prime factors of m(1).
71
Let l(z) = 6*z**3 + z**2 - 4*z + 2. Let t be l(1). What are the prime factors of 68 - 15/t - -4?
3, 23
Suppose -4417 = -7*a + 1407. List the prime factors of a.
2, 13
Let b = -430 - -771. List the prime factors of b.
11, 31
Suppose 3*m - 3*r + 5*r = 1574, -r = -m + 523. List the prime factors of m.
2, 131
Suppose -5*s + s = -2*v + 6, -15 = -5*v + 4*s. Let m(g) = -2*g - 22. Let f be m(-13). Suppose -2*p - 8 = -f*p - q, -v*p = 4*q - 22. List the prime factors of p.
2
Suppose 3*z = 7*z + 8. Let d(u) = -26*u + 14. Let x(j) = -51*j + 32. Let a(v) = 7*d(v) - 3*x(v). List the prime factors of a(z).
2, 3, 5
Suppose -3*y + 0*y = 4*u - 23, -4*y - 3*u = -26. Let q(i) = -6 - 67*i - 64*i + 202*i - 66*i. List the prime factors of q(y).
19
Let i(l) = -225*l + 808. List the prime factors of i(-18).
2, 7, 347
Suppose -403*f + 8973 = -400*f. What are the prime factors of f?
3, 997
Suppose 2*a = 3*x + x - 1972, 2*x = -3*a + 986. What are the prime factors of x?
17, 29
Let m be -3 + (-7)/(7/(-255)). Suppose 4*l - 16*l = -m. List the prime factors of l.
3, 7
Let v = -103 + 683. List the prime factors of v.
2, 5, 29
Let a = 2 - 7. Suppose 5*o - 5*z - 30 = -z, 0 = -5*o - 3*z + 65. List the prime factors of o + a - (2 - 1).
2
Suppose -3*o - 4*k = -8041, -5*o + 4*k + 13396 = 5*k. List the prime factors of o.
3, 19, 47
Let i(q) = -q**2 - 4*q + 2. Let k be i(-4). Suppose t - k*t = 0. Suppose -y + 1 = 4*d, -4*y + 2*d - 22 + 80 = t. List the prime factors of y.
13
Let l(s) be the first derivative of 3*s**2 + 22*s - 17. List the prime factors of l(12).
2, 47
Let s(n) = 7*n + 3. Let b be s(4). Let t = 31 - b. Suppose 4*m - y - 76 = t, m = 3*y - 8*y - 2. List the prime factors of m.
2, 3
Let f(p) = 4*p**2 - 12*p - 26. What are the prime factors of f(-9)?
2, 7, 29
Let y = 9230 - 3916. List the prime factors of y.
2, 2657
Let d = 7475 - 4521. What are the prime factors of d?
2, 7, 211
Let u = 21 - 13. Suppose -u*n + 4*n + 3*o - 36 = 0, 4*o - 16 = 0. List the prime factors of 152/(-6)*9/n.
2, 19
Suppose -5*p = 4*u - 